ose 5*t + 3*c = 1300, c = -4*t + 440 + 593. Suppose -4*h = 20, 5*d + t = 7*d + 3*h. What is the tens digit of d?
3
Suppose -18*l + 15*l - 1719 = 0. What is the tens digit of 1/7 + l*(-5)/35?
8
Let o be 12/16 + -1 - 26/(-8). Suppose 0 = 3*r + o*v - 474, -4*v + 304 = 2*r + v. What is the tens digit of r?
6
Let l = -6 - 5. Suppose v - 108 = -5*v. Let s = l + v. What is the units digit of s?
7
What is the tens digit of 58/(-493) - 1*3574/(-34)?
0
Let v be 35/(-7) - (1 - 5). Let f(s) = -s - 1. Let b(l) = -l - 10. Let n(q) = -2*b(q) + 18*f(q). What is the tens digit of n(v)?
1
Suppose 0 = -q - 3*s + 976, -2*q - s + 3871 = 2*q. What is the tens digit of q?
6
Let u(t) = t**2 - 4. Let y be u(0). Let r = y + 16. Suppose -q + 1 = -r. What is the tens digit of q?
1
Suppose 0 = 5*q - 5*d - 60, -d = -3*q + 52 - 14. Let j(u) = -12*u - 9. Let p be j(-6). Let i = p - q. What is the tens digit of i?
5
Let p = 1759 + -1114. Suppose 0 = -3*k - 7*l + 2*l + 383, -5*l + p = 5*k. What is the hundreds digit of k?
1
Let p = -955 - -1594. Suppose -p = -t - 8*t. What is the tens digit of t?
7
Suppose 929 = -5*b - 471. Let f = -188 - b. What is the units digit of f?
2
Suppose -3*i = 2*i, 2*h - 2*i = 206. Let z = h - 29. What is the units digit of z?
4
What is the tens digit of -1 - -3*(-4 - 4044/(-18))?
6
Let s(g) = -g**2 - 13*g + 23. Let p be (232/87)/((-2)/9). What is the tens digit of s(p)?
3
Let r be (-18)/(-12) - 2/(-4). Suppose -3*v + 486 = 3*z, r*v + 456 = 3*z - v. What is the hundreds digit of z?
1
Let a(q) = 2*q**2 - 15*q + 15. Let l be a(10). Suppose -5*c + f + l - 3 = 0, -4*f + 16 = 2*c. Let g(y) = -y + 18. What is the units digit of g(c)?
6
Let h(d) = -d**2 - 60*d + 157. What is the hundreds digit of h(-45)?
8
Suppose -4*l = 5*r - 438 - 43, 5*r - 4*l = 489. What is the units digit of r?
7
Suppose -4*d + 86*i - 87*i + 14513 = 0, -i + 18142 = 5*d. What is the hundreds digit of d?
6
Let v be (20/(-16))/((-4)/(-16)). Let b(q) = 5*q**2 + 7*q + 21. Let n(f) = 3*f**2 + 4*f + 11. Let s(d) = -4*b(d) + 7*n(d). What is the units digit of s(v)?
8
Let r = -743 - -1764. What is the tens digit of r?
2
Suppose 1190 + 65 = 5*s. Suppose 105 = 4*y - s. What is the units digit of y/3 + (-14)/(-42)?
0
Let c(v) = 0*v**3 + 8*v - v**3 - v**2 + 3*v**2 + 5*v**2 - 10. Let f be c(8). What is the units digit of ((-4)/(-8) + -1)*f?
5
Let m(v) = -v**2 + 1. Let o(y) = 5*y**2 + 7*y - 15. Let d(c) = -6*m(c) - o(c). What is the tens digit of d(8)?
1
Suppose -5*h + 8990 = -3*s - 2*s, -5*h = 4*s - 8954. What is the units digit of h?
4
Let d = -3936 + 7883. What is the units digit of d?
7
Suppose 4*h - 2*g + 0*g + 16 = 0, h - 4*g + 11 = 0. Let l = h - 1. What is the tens digit of 4/(l - 0) + 12?
1
Let v(k) = 5*k**3 - k**2 - k + 1. Let l be v(1). Let o be 318/24 + (-1)/l. Let y = 0 + o. What is the units digit of y?
3
Suppose -111 - 149 = -v. What is the tens digit of (21/42)/(1/v)?
3
Let d(m) = 2*m**2 - 19*m - 33. What is the tens digit of d(-11)?
1
Let l = -98 + 79. Let b(i) = -i**3 - 16*i**2 + 44*i + 27. What is the hundreds digit of b(l)?
2
Let h(j) = 7*j**3 - 8*j**2 - 6*j - 2. Let t be h(-4). What is the tens digit of t/(-12) + (-35)/30 + 1?
4
Let y(b) = 3*b - 2 + 2 - 9 - 6. Let i be y(6). Suppose i*v + 0*v = 234. What is the units digit of v?
8
Let q(l) be the third derivative of 0*l - 1/24*l**4 - 6*l**2 + 2/3*l**3 + 1/12*l**5 + 1/120*l**6 + 0. What is the tens digit of q(-4)?
2
Suppose -17*f + 30*f = 8879. What is the hundreds digit of f?
6
Let u = 951 - -4567. What is the tens digit of u?
1
Let z = 3759 - 2676. What is the hundreds digit of z?
0
Let v(s) = -17*s - 1. Let x be (18/45)/((-1)/(-5)). Let o be ((-6)/(-9))/(x/(-6)). What is the units digit of v(o)?
3
Let d(h) = 7*h - 53. Let r(v) = 3*v - 26. Let i(c) = 2*d(c) - 5*r(c). Suppose 3*j + 26 = -2*s - 0*j, 83 = -5*s - 3*j. What is the units digit of i(s)?
3
Let o be -3*(40 + 7/((-84)/8)). Let w = o + 228. What is the tens digit of w?
1
Let l = 23 - 7. Suppose 0 = w + 2, 15*d - 3*w = l*d - 245. What is the hundreds digit of d?
2
Let p be 4/6 - 188/3. Let u = -26 - p. What is the units digit of u?
6
What is the hundreds digit of (4 - 4800/18)*12/(-8)?
3
Let c(t) = -3*t + 3. Let n(s) be the third derivative of -s**6/120 + s**5/5 - s**3/3 + 6*s**2. Let j be n(12). What is the units digit of c(j)?
9
Let k = 1019 + 185. What is the units digit of k?
4
Let i(v) be the third derivative of 53*v**5/60 + v**4/12 + 2*v**2. What is the units digit of i(2)?
6
Let x(b) = -8*b - 69. Let q be x(-5). What is the tens digit of (q/(-2))/((-6)/(-12))?
2
What is the hundreds digit of 2 + 4 - (-1 + -322)?
3
Suppose -2*d + 4589 = 5*b, -5*b + 11 - 26 = 0. What is the hundreds digit of d?
3
Let v(t) be the first derivative of t**5/24 - 23*t**4/24 + 5*t**3/3 - 12. Let g(m) be the third derivative of v(m). What is the units digit of g(11)?
2
What is the hundreds digit of ((-264)/96)/(2/(-184))?
2
Let y(f) = -f**3 - 21*f**2 - 21*f + 23. Let m be (1 - 4) + (-24 - -7). What is the tens digit of y(m)?
4
Let l = 17 - 14. Suppose -6*x + 9 = -3*x + 5*k, -l*x = -3*k + 15. What is the tens digit of x/(-15) + (-1672)/(-60)?
2
Let k be 80/(-8)*((-4)/(-8))/(-1). Suppose 0 = 3*i, -6*x = -4*x + 5*i - 190. Suppose k*z = -5*v + x, -2*v + 5*v + z - 67 = 0. What is the units digit of v?
4
Let j = 7 - -3. Suppose -9*a + j*a - 14 = 0. Suppose -3*i + 3 = 0, 0 = 5*x + 3*i - a - 64. What is the units digit of x?
5
Suppose -2*w - 2*y - 384 + 3228 = 0, 2*w + 3*y - 2847 = 0. What is the tens digit of w?
1
Let f be (-18)/1*(15 + -17). Suppose -31*k = -f*k + 1765. Suppose -k - 1 = -6*q. What is the units digit of q?
9
Let b(d) = d**2 + 1. Let z be b(0). What is the hundreds digit of 1/((-4)/(-428)*1/z)?
1
Let q = -109 - -109. Suppose q = 2*w - 114 - 244. What is the tens digit of w?
7
Let v = -30 - -26. Let y(t) = -2*t**3 + 2*t**2 + 2*t + 6. What is the units digit of y(v)?
8
Let b = -29 - -29. Suppose -3*u - 1 = -5*w - 112, b = 2*u - w - 67. What is the units digit of u?
2
Let q = -3346 - -6028. What is the tens digit of q?
8
Let c(a) = -437*a + 3. What is the tens digit of c(-1)?
4
Let g(y) be the second derivative of y**4/12 + y**3/3 + 3*y**2 + 3*y. Let f be g(-5). Suppose f = a - 4*d - 0, 3*a - 3*d = 45. What is the tens digit of a?
1
Let w(x) = 5*x**2 + 7*x - 5. Let d be w(-4). Suppose -445 = -52*m + d*m. What is the tens digit of m?
8
Suppose 0 + 2 = 2*d. Let u(j) be the third derivative of 7*j**6/24 + j**5/30 - j**3/6 - 38*j**2. What is the units digit of u(d)?
6
Suppose 2*y = 5*j - 121, -y - 4*y - 40 = -2*j. Suppose -5*k = -j - 50. What is the units digit of k?
5
What is the units digit of (-38*2/4)/(1/(-14))?
6
Suppose -h + 35 = -15. Let a = h - 29. What is the units digit of a?
1
Let m(x) = -234*x + 475. What is the hundreds digit of m(-10)?
8
Suppose 2*p - 2587 = -4*b + 5*p, -2*b + 3*p = -1289. What is the units digit of b?
9
Let i be 3/((-30)/4)*-10. Let h(y) = y**3 + 7*y**2 - 7*y + 10. Let b be h(-8). Suppose b*k + 2*k = -i*q + 60, 3*k = 3*q + 51. What is the units digit of k?
6
Let v(t) = -t**3 - 2*t**2 - 4*t - 3. Let a = -26 + 21. What is the units digit of v(a)?
2
Suppose -5*x + 926 = 3*s, x - s = -4*x + 938. What is the tens digit of x?
8
Let p be 15/20 - 17/(-4). Let l be (6 - 1) + -2 + 43. Suppose -p*d - 4*o + 105 = 0, d - o - l = -2*d. What is the units digit of d?
7
Let n = 37 + -3. Let s = -7 + 9. Suppose -s*a + n = -22. What is the tens digit of a?
2
Let r be ((-12)/(-16))/(6/24). Suppose -a + x + 90 + 151 = 0, -719 = -r*a + 2*x. What is the units digit of a?
7
Let s(m) = -m**3 + 14*m - 5. Let v be s(-7). Suppose 0 = 6*c - c - v. What is the units digit of c?
8
Suppose -6*g + 3*g + 21 = 3*y, 5*y - 15 = 5*g. Let k be (-2)/(5*g/105). What is the tens digit of 17/(k/6 + 4)?
3
Let z(c) = 121*c + 82. What is the hundreds digit of z(21)?
6
Suppose -2*j + 3*j = 6. What is the units digit of j/(-4)*(232/3)/(-2)?
8
What is the hundreds digit of 1/((-3)/(-730))*30/4?
8
Suppose 0 = 3*z + 5*i - 150, -3*z - 4*i + 200 = z. Suppose 0 = -6*b - 84 - 96. Let r = z + b. What is the units digit of r?
0
Let f be 60*2*5/5. Let r = f - 37. What is the tens digit of r?
8
Suppose -15*s + 116727 = 24*s. What is the hundreds digit of s?
9
What is the units digit of (0 - 5862/(-30))/(3/75)?
